
-8
Let p(r) = -195*r**2 + 3515*r - 37. Determine p(18).
53
Let g(w) = -1096594*w + 8772748. Calculate g(8).
-4
Let b(s) = 431*s - 40096. Give b(93).
-13
Let g(x) = x**2 + 775*x + 68628. Determine g(-102).
-18
Let d(k) = -1379*k + 35507. Give d(26).
-347
Let s(a) = -3*a**2 + 23*a + 498. Give s(-21).
-1308
Let s(t) = 61*t**2 - 402*t - 166. Give s(7).
9
Let g(z) = -z**2 + 504*z + 129288. What is g(-187)?
71
Let q(j) = -154*j - 29666. Determine q(-207).
2212
Let f(z) = z**3 + 804*z**2 - 97482*z - 4553. Give f(-911).
2
Let f(s) = -823*s**3 - 9056*s**2 + 8*s - 49. Determine f(-11).
-500
Let i(a) = 49*a**2 + 1805*a + 272. Determine i(-39).
4406
Let a(b) = -b**2 + 265*b + 7596. Determine a(-28).
-608
Let t(c) = 39*c**2 - 68*c - 104. Calculate t(-2).
188
Let o(h) = -h**3 - 2*h**2 + 411*h - 1179. What is o(3)?
9
Let m(l) = -980*l - 39326. Give m(-40).
-126
Let h(m) = -19*m**2 - 171*m + 2007. Determine h(11).
-2173
Let q(a) = -5*a**3 - 131*a**2 - 47*a - 533. What is q(-26)?
13
Let t(z) = -z**3 - 130*z**2 - 3261*z - 24. Calculate t(-96).
-312
Let t(r) = 47218*r + 235764. Give t(-5).
-326
Let b(i) = 169841*i + 4585711. What is b(-27)?
4
Let z(j) = j**2 + 1728*j + 180944. What is z(-112)?
-48
Let t(v) = v**2 + 37*v - 2255. Determine t(-67).
-245
Let m(r) = 2*r**2 + 594*r + 21126. Determine m(-256).
134
Let g(w) = w**2 - 2621*w + 173599. Determine g(68).
-5
Let d(p) = -43*p + 5276. Give d(133).
-443
Let m(x) = -7*x**2 + 696*x - 7851. Determine m(13).
14
Let m(d) = -d**3 - 613*d**2 + 1808*d - 24642. What is m(-616)?
-2
Let r(z) = 321*z - 60387. Calculate r(186).
-681
Let o(l) = -8*l**2 - 597*l - 6389. Determine o(-13).
20
Let n(o) = 408296*o + 22047978. What is n(-54)?
-6
Let y(i) = -14642*i**2 + 146504*i + 8. Give y(10).
848
Let i(j) = 9*j**3 - 110*j**2 + 138*j - 1386. What is i(12)?
-18
Let i(n) = -2521*n - 10346. Determine i(-4).
-262
Let h(w) = -w**2 + 1222*w - 47271. Determine h(40).
9
Let i(g) = g**2 + 1443*g + 289678. Calculate i(-241).
-4
Let f(d) = 320*d - 1887. Give f(6).
33
Let o(f) = 59*f**2 - 443*f + 729. Give o(5).
-11
Let i(q) = q**3 - 50*q**2 + 542*q - 175. Determine i(34).
-243
Let l(n) = n**3 - 12*n**2 - 210*n + 1435. Determine l(6).
-41
Let w(l) = -4*l**3 + 29*l**2 + 100*l + 31. Determine w(-4).
351
Let g(a) = a**3 + 380*a**2 + 2298*a + 2. Calculate g(-6).
-322
Let n(h) = 32*h - 2553. Give n(-24).
-3321
Let u(v) = -4028*v + 12166. Calculate u(3).
82
Let s(i) = -4*i**3 - 129*i**2 - 31*i - 147. Determine s(-32).
-179
Let f(h) = -h**2 + 83528*h + 5098934. What is f(-61)?
5
Let s(i) = 3*i**2 - 261*i + 3879. Give s(81).
2421
Let v(f) = f**3 + 16*f**2 - 42*f - 127. Give v(-21).
-1450
Let i(y) = -3*y**2 - 1297*y + 44091. Give i(-464).
11
Let s(y) = -9*y**2 - 485*y + 121027. Determine s(-146).
-7
Let r(o) = 1058*o - 100496. Give r(95).
14
Let c(y) = 3*y**3 - 431*y**2 - 586*y - 134. Calculate c(145).
-1004
Let z(a) = -117*a**3 + a**2 + a - 13. Calculate z(-2).
925
Let p(n) = 8*n**3 + 401*n**2 + 48*n - 122. What is p(-50)?
-22
Let b(r) = -20*r**2 - 138134*r + 828753. Give b(6).
-771
Let c(f) = -f**3 - 25*f**2 - 135*f - 371. What is c(-15)?
-596
Let v(s) = 4865*s - 61764. What is v(13)?
1481
Let v(i) = 176780*i + 530327. Calculate v(-3).
-13
Let w(f) = -22*f**3 + f**2 - 545*f + 1632. Give w(3).
-588
Let o(l) = 17*l + 1406. What is o(-52)?
522
Let y(j) = 384*j - 67676. Give y(175).
-476
Let s(g) = -g**3 + 31*g**2 + 24*g - 705. Calculate s(31).
39
Let c(w) = -w**2 - 5736*w - 40086. Determine c(-7).
17
Let g(f) = f**2 - 2408*f - 7232. Calculate g(-3).
1
Let j(o) = -2*o**3 - 55*o**2 - 364*o + 98. Determine j(-8).
514
Let m(f) = 79*f**2 + 4573*f + 52684. Calculate m(-42).
-26
Let b(q) = -2367*q - 47325. Calculate b(-20).
15
Let j(y) = y**2 + 82*y - 3397. Calculate j(-123).
1646
Let q(u) = -227*u + 270. Give q(1).
43
Let v(x) = 12*x**2 + 326*x + 655. Give v(-2).
51
Let d(v) = 23*v**2 - 1494*v + 5555. Give d(61).
4
Let q(n) = -3*n**3 + 13*n**2 + 426*n - 2698. Determine q(8).
6
Let b(z) = 2*z**2 + 718*z - 234312. Calculate b(-566).
12
Let j(x) = -1850*x + 238822. What is j(129)?
172
Let v(l) = -838*l + 75352. Give v(90).
-68
Let m(y) = 4*y**2 + 825*y - 593. Determine m(-206).
-799
Let y(r) = 5*r**3 + 737*r**2 - 14539*r - 3130. Give y(-165).
5
Let q(c) = -2563*c - 133272. Determine q(-52).
4
Let h(a) = -834518*a - 5007105. What is h(-6)?
3
Let f(n) = 941*n - 109580. Calculate f(117).
517
Let r(j) = 248*j + 51. Give r(1).
299
Let y(v) = -486*v - 92834. Give y(-191).
-8
Let r(a) = a**3 + 8*a**2 - 260*a - 1871. What is r(-7)?
-2
Let q(i) = -791*i**2 - 7916*i - 11. Calculate q(-10).
49
Let x(y) = -33522*y + 200955. Calculate x(6).
-177
Let f(y) = 219715*y - 1098582. Calculate f(5).
-7
Let w(k) = 149288*k - 2090010. Calculate w(14).
22
Let p(q) = -36*q**3 + 97*q**2 - 63*q - 33. Calculate p(1).
-35
Let l(n) = 560692*n - 2242771. Determine l(4).
-3
Let f(t) = -t**3 - 135*t**2 - 241*t + 2787. Calculate f(-133).
-538
Let a(u) = u**3 + 68*u**2 - 2130*u - 3350. What is a(-91)?
17
Let p(b) = 18617*b - 130345. What is p(7)?
-26
Let o(r) = -21*r**2 + 263*r + 9544. What is o(-16)?
-40
Let y(o) = o**3 + 313*o**2 - 589*o + 12921. Give y(-315).
6
Let w(x) = 53648*x - 590130. Determine w(11).
-2
Let d(k) = 36*k**3 + 127*k**2 - 329*k - 1265. What is d(-4)?
-221
Let i(s) = -2*s**3 + 393*s**2 + 1398*s + 633. What is i(200)?
233
Let k(u) = -103*u**2 - 8338*u - 7863. Give k(-80).
-23
Let r(m) = 5*m**3 - m**2 + 2117*m + 8482. Give r(-4).
-322
Let u(v) = 29141*v - 12676330. What is u(435)?
5
Let c(b) = b**2 + 14411*b + 57688. Determine c(-4).
60
Let g(z) = 167*z**2 + 6011*z + 90. What is g(-36)?
126
Let w(o) = -o**2 - 341685*o - 80581960. Calculate w(-236).
4
Let m(q) = q**3 + 15*q**2 - 72*q - 166. Determine m(-17).
480
Let p(m) = -4*m**3 + 4*m**2 - 776*m - 5559. What is p(-7)?
1441
Let x(h) = -418*h + 222317. Determine x(532).
-59
Let w(n) = -117*n - 790. Determine w(-12).
614
Let w(j) = j**3 + 183*j**2 + 7486*j - 934. Determine w(-62).
58
Let k(b) = b**2 + 1666*b - 28645. Give k(17).
-34
Let u(q) = 2*q**3 + 4*q**2 - 25*q + 156. Calculate u(-17).
-8089
Let p(q) = 1264601*q + 25292025. Give p(-20).
5
Let g(l) = 3199*l - 182223. Determine g(57).
120
Let w(v) = -1142*v - 1221. Calculate w(-1).
-79
Let r(f) = 630*f + 57955. Determine r(-92).
-5
Let y(h) = 7873*h + 55093. Determine y(-7).
-18
Let o(z) = -40048*z + 5686835. Calculate o(142).
19
Let k(l) = 14*l**2 - 54070*l - 759718. What is k(-14)?
6
Let j(z) = z**2 - 154*z + 5081. Give j(61).
-592
Let q(p) = -p**3 - 24*p**2 - 4783*p - 125720. Calculate q(-26).
-10
Let l(y) = -152*y + 27148. What is l(179)?
-60
Let r(t) = 111419*t - 668513. Determine r(6).
1
Let r(h) = -h**3 + 65*h**2 + 2116*h - 3292. What is r(-25)?
58
Let q(x) = -x**2 + 714*x + 17745. Determine q(-24).
33
Let d(u) = -7*u**2 + 8815*u + 70973. Give d(-8).
5
Let v(t) = -303*t**3 - 86*t - 87. Calculate v(-1).
302
Let r(u) = 7*u**2 + 828*u - 5106. Determine r(6).
114
Let c(w) = 36*w**2 + 270*w + 8. Calculate c(2).
692
Let o(g) = -g**3 - 3*g**2 - 271*g - 2474. Calculate o(-8).
14
Let y(m) = -9*m**2 - 43*m - 266. Determine y(-8).
-498
Let s(y) = -4*y**3 - 267*y**2 - 290*y - 23913. Calculate s(-67).
6
Let o(u) = -2*u**2 - 1505*u + 104477. Calculate o(64).
-35
Let d(x) = 89362*x + 268226. Give d(-3).
140
Let x(b) = -2*b**2 - 208*b - 628. Determine x(-101).
-22
Let z(w) = -15074*w - 226022. Give z(-15).
88
Let q(g) = g**3 + 46*g**2 - 152*g - 4941. Determine q(-47).
-6
Let f(q) = -18*q**3 + 3318*q**2 - 4400*q + 1464. What is f(183)?
0
Let p(t) = -t**2 + 5466*t - 27301. Determine p(5).
4
Let g(p) = -518*p - 195816. Calculate g(-378).
-12
Let k(y) = -y**3 - 338*y**2 + 1362*y - 1912. Give k(-342).
140
Let q(u) = -3169*u - 15814. Determine q(-5).
31
Let s(x) = 348*x + 3744. Give s(-10).
264
Let f(k) = -k**2 - 475765*k - 2378792. Give f(-5).
8
Let o(l) = l**2 - 1798*l + 671309. What is o(529)?
8
Let w(b) = 196*b - 20107. What is w(106)?
669
Let b(m) = 11*m**3 + 297*m**2 + 46*m - 12597. Give b(-25).
3
Let r(y) = -y**3 + 11*y**2 + 1974*y - 19576. Determine r(10).
264
Let u(k) = -18*k**2 - 91*k - 53. Calculate u(-3).
58
Let f(q) = -q**2 - 812*q - 15708. Determine f(-18).
-1416
Let k(l) = -3*l**2 + 39*l + 177. Calculate k(-4).
-27
Let s(m) = m**3 - 23*m**2 - 95*m + 44. What is s(-4)?
-